{"id":5448,"date":"2025-07-10T14:58:41","date_gmt":"2025-07-10T12:58:41","guid":{"rendered":"https:\/\/www.fremdiswalde.com\/?page_id=5448"},"modified":"2025-10-23T08:13:31","modified_gmt":"2025-10-23T06:13:31","slug":"gewerbe-2","status":"publish","type":"page","link":"https:\/\/www.fremdiswalde.com\/?page_id=5448","title":{"rendered":"Gewerbe"},"content":{"rendered":"<p>Alle in Fremdiswalde ans\u00e4ssigen Gewerbetreibenden erhalten hier die M\u00f6glichkeit, Ihr Unternehmen vorzustellen und \u00fcber Produkte und Leistungen sowie aktuellen Themen zu informieren.<\/p>\n<table style=\"width: 100%; border-collapse: collapse;\">\n<thead>\n<tr>\n<th style=\"background-color: #254a25; color: white; border: 1px solid #ccc; padding: 8px;\">Logo<\/th>\n<th style=\"background-color: #254a25; color: white; border: 1px solid #ccc; padding: 8px;\">Name<\/th>\n<th style=\"background-color: #254a25; color: white; border: 1px solid #ccc; padding: 8px;\">Link zur Seite<\/th>\n<\/tr>\n<\/thead>\n<tbody>\n<tr>\n<td style=\"border: 1px solid #ccc; padding: 2px; text-align: center;\"><img decoding=\"async\" style=\"height: 30px;\" src=\"https:\/\/www.fremdiswalde.com\/wp-content\/uploads\/2025\/07\/logo-schriftzug_large_w-gerd-richter.png\" alt=\"Logo\" \/><\/td>\n<td style=\"border: 1px solid #ccc; padding: 8px;\">Containerdienst Gerd Richter<\/td>\n<td style=\"border: 1px solid #ccc; padding: 8px;\"><a href=\"https:\/\/www.fremdiswalde.com\/?page_id=1046\" target=\"_blank\" rel=\"noopener\">Zur Seite<\/a><\/td>\n<\/tr>\n<tr>\n<td style=\"border: 1px solid #ccc; padding: 2px; text-align: center;\"><img decoding=\"async\" style=\"height: 80px;\" src=\"https:\/\/www.fremdiswalde.com\/wp-content\/uploads\/2025\/07\/logo-dachdeckerei-pfeifer-1.jpg\" alt=\"Logo\" \/><\/td>\n<td style=\"border: 1px solid #ccc; padding: 8px;\">Dachdeckerei Ren\u00e9 Pfeifer<\/td>\n<td style=\"border: 1px solid #ccc; padding: 8px;\"><a href=\"https:\/\/www.fremdiswalde.com\/?page_id=700\" target=\"_blank\" rel=\"noopener\">Zur Seite<\/a><\/td>\n<\/tr>\n<tr>\n<td style=\"border: 1px solid #ccc; padding: 2px; text-align: center;\"><img decoding=\"async\" style=\"height: 60px;\" src=\"https:\/\/www.fremdiswalde.com\/wp-content\/uploads\/2025\/07\/logo-elektronik-hammer.png\" alt=\"Logo\" \/><\/td>\n<td style=\"border: 1px solid #ccc; padding: 8px;\">Elektronik Hammer<\/td>\n<td style=\"border: 1px solid #ccc; padding: 8px;\"><a href=\"https:\/\/www.fremdiswalde.com\/?page_id=949\" target=\"_blank\" rel=\"noopener\">Zur Seite<\/a><\/td>\n<\/tr>\n<tr>\n<td style=\"border: 1px solid #ccc; padding: 2px; text-align: center;\"><img decoding=\"async\" style=\"height: 40px;\" src=\"https:\/\/www.fremdiswalde.com\/wp-content\/uploads\/2025\/07\/logo-praxis-fuer-naturheilverfahren-fremdiswalde.png\" alt=\"Logo\" \/><\/td>\n<td style=\"border: 1px solid #ccc; padding: 8px;\">Heilpraktikerin Sylvia Karich<\/td>\n<td style=\"border: 1px solid #ccc; padding: 8px;\"><a href=\"https:\/\/www.fremdiswalde.com\/?page_id=940\" target=\"_blank\" rel=\"noopener\">Zur Seite<\/a><\/td>\n<\/tr>\n<tr>\n<td style=\"border: 1px solid #ccc; padding: 8px; text-align: center;\"><\/td>\n<td style=\"border: 1px solid #ccc; padding: 8px;\">KFZ Werkstatt Gerth Winkler<\/td>\n<td style=\"border: 1px solid #ccc; padding: 8px;\"><a href=\"https:\/\/www.fremdiswalde.com\/?page_id=1089\" target=\"_blank\" rel=\"noopener\">Zur Seite<\/a><\/td>\n<\/tr>\n<tr>\n<td style=\"border: 1px solid #ccc; padding: 2px; text-align: center;\"><img decoding=\"async\" style=\"height: 60px;\" src=\"https:\/\/www.fremdiswalde.com\/wp-content\/uploads\/2025\/07\/logo-landgasthof-fremdiswalde.png\" alt=\"Logo\" \/><\/td>\n<td style=\"border: 1px solid #ccc; padding: 8px;\">Landgasthof Scheibe<\/td>\n<td style=\"border: 1px solid #ccc; padding: 8px;\"><a href=\"https:\/\/www.fremdiswalde.com\/?page_id=945\" target=\"_blank\" rel=\"noopener\">Zur Seite<\/a><\/td>\n<\/tr>\n<tr>\n<td style=\"border: 1px solid #ccc; padding: 2px; text-align: center;\"><img decoding=\"async\" style=\"height: 60px;\" src=\"https:\/\/www.fremdiswalde.com\/wp-content\/uploads\/2025\/07\/logo-logopaedie-mundus-2.png\" alt=\"Logo\" \/><\/td>\n<td style=\"border: 1px solid #ccc; padding: 8px;\">Logop\u00e4dische Praxis Jana Mundus<\/td>\n<td style=\"border: 1px solid #ccc; padding: 8px;\"><a href=\"https:\/\/www.fremdiswalde.com\/?page_id=34\" target=\"_blank\" rel=\"noopener\">Zur Seite<\/a><\/td>\n<\/tr>\n<tr>\n<td style=\"border: 1px solid #ccc; padding: 2px; text-align: center;\"><img decoding=\"async\" style=\"height: 60px;\" src=\"https:\/\/www.fremdiswalde.com\/wp-content\/uploads\/2025\/07\/pohla-logo-200.png\" alt=\"Logo\" \/><\/td>\n<td style=\"border: 1px solid #ccc; padding: 8px;\">PSM J\u00f6rg Pohla<\/td>\n<td style=\"border: 1px solid #ccc; padding: 8px;\"><a href=\"https:\/\/www.fremdiswalde.com\/?page_id=897\" target=\"_blank\" rel=\"noopener\">Zur Seite<\/a><\/td>\n<\/tr>\n<tr>\n<td style=\"border: 1px solid #ccc; padding: 2px; text-align: center;\"><img decoding=\"async\" style=\"height: 60px;\" src=\"https:\/\/www.fremdiswalde.com\/wp-content\/uploads\/2025\/07\/tortenteufel-logo-klein.png\" alt=\"Logo\" \/><\/td>\n<td style=\"border: 1px solid #ccc; padding: 8px;\">Konditorei Tortenteufel<\/td>\n<td style=\"border: 1px solid #ccc; padding: 8px;\"><a href=\"https:\/\/www.fremdiswalde.com\/?page_id=32\" target=\"_blank\" rel=\"noopener\">Zur Seite<\/a><\/td>\n<\/tr>\n<tr>\n<td style=\"border: 1px solid #ccc; padding: 2px; text-align: center;\"><img decoding=\"async\" style=\"height: 60px;\" src=\"https:\/\/www.fremdiswalde.com\/wp-content\/uploads\/2025\/07\/logo-schicketanzhof.svg\" alt=\"Logo\" \/><\/td>\n<td style=\"border: 1px solid #ccc; padding: 8px;\">Schicketanzhof<\/td>\n<td style=\"border: 1px solid #ccc; padding: 8px;\"><a href=\"https:\/\/www.fremdiswalde.com\/?page_id=1050\" target=\"_blank\" rel=\"noopener\">Zur Seite<\/a><\/td>\n<\/tr>\n<tr>\n<td style=\"border: 1px solid #ccc; padding: 2px; text-align: center;\"><img decoding=\"async\" style=\"height: 60px;\" src=\"https:\/\/www.fremdiswalde.com\/wp-content\/uploads\/2025\/10\/Photovoltaik_Visitenkarte.jpg\" alt=\"Logo\" \/><\/td>\n<td style=\"border: 1px solid #ccc; padding: 8px;\">Photovoltaik Muldental<\/td>\n<td style=\"border: 1px solid #ccc; padding: 8px;\"><a href=\"https:\/\/www.fremdiswalde.com\/?page_id=5789\" target=\"_blank\" rel=\"noopener\">Zur Seite<\/a><\/td>\n<\/tr>\n<\/tbody>\n<\/table>\n","protected":false},"excerpt":{"rendered":"<p>Alle in Fremdiswalde ans\u00e4ssigen Gewerbetreibenden erhalten hier die M\u00f6glichkeit, Ihr Unternehmen vorzustellen und \u00fcber Produkte und Leistungen sowie aktuellen Themen zu informieren. Logo Name Link&hellip;<\/p>\n","protected":false},"author":3,"featured_media":0,"parent":0,"menu_order":15,"comment_status":"closed","ping_status":"closed","template":"","meta":{"two_page_speed":[],"footnotes":""},"class_list":["post-5448","page","type-page","status-publish","hentry"],"publishpress_future_action":{"enabled":false,"date":"2026-04-23 10:21:07","action":"change-status","newStatus":"draft","terms":[],"taxonomy":"","extraData":[]},"publishpress_future_workflow_manual_trigger":{"enabledWorkflows":[]},"_links":{"self":[{"href":"https:\/\/www.fremdiswalde.com\/index.php?rest_route=\/wp\/v2\/pages\/5448","targetHints":{"allow":["GET"]}}],"collection":[{"href":"https:\/\/www.fremdiswalde.com\/index.php?rest_route=\/wp\/v2\/pages"}],"about":[{"href":"https:\/\/www.fremdiswalde.com\/index.php?rest_route=\/wp\/v2\/types\/page"}],"author":[{"embeddable":true,"href":"https:\/\/www.fremdiswalde.com\/index.php?rest_route=\/wp\/v2\/users\/3"}],"replies":[{"embeddable":true,"href":"https:\/\/www.fremdiswalde.com\/index.php?rest_route=%2Fwp%2Fv2%2Fcomments&post=5448"}],"version-history":[{"count":13,"href":"https:\/\/www.fremdiswalde.com\/index.php?rest_route=\/wp\/v2\/pages\/5448\/revisions"}],"predecessor-version":[{"id":5795,"href":"https:\/\/www.fremdiswalde.com\/index.php?rest_route=\/wp\/v2\/pages\/5448\/revisions\/5795"}],"wp:attachment":[{"href":"https:\/\/www.fremdiswalde.com\/index.php?rest_route=%2Fwp%2Fv2%2Fmedia&parent=5448"}],"curies":[{"name":"wp","href":"https:\/\/api.w.org\/{rel}","templated":true}]}}