{"id":5425,"date":"2025-07-10T14:01:48","date_gmt":"2025-07-10T12:01:48","guid":{"rendered":"https:\/\/www.fremdiswalde.com\/?page_id=5425"},"modified":"2025-07-12T00:14:52","modified_gmt":"2025-07-11T22:14:52","slug":"storchennest","status":"publish","type":"page","link":"https:\/\/www.fremdiswalde.com\/?page_id=5425","title":{"rendered":"Storchennest"},"content":{"rendered":"<p><strong>Seit dem Jahr 2002 wurden das letzte Mal St\u00f6rche in Fremdiswalde sesshaft. Das wollten wir\u00a0 \u00e4ndern und fingen\u00a0<\/strong><strong>im Jahr 2023 <\/strong><strong>an wieder St\u00f6rche nach Fremdiswalde zu locken. Im Fr\u00fchjahr 2024 war es dann soweit. Alle Ereignisse rund um unsere St\u00f6rche findet ihr unten:<\/strong><\/p>\n<p>&nbsp;<\/p>\n<div class=\"galerie-grid\">\n<div class=\"galerie-card\"><a href=\"https:\/\/www.fremdiswalde.com\/?page_id=5429\"><br \/>\n<img decoding=\"async\" src=\"https:\/\/www.fremdiswalde.com\/wp-content\/uploads\/2025\/07\/4zu5-1-300x250.jpg\" alt=\"Nestbau-2023\" \/><br \/>\n<\/a><\/p>\n<h3>Nestbau 2023<\/h3>\n<p><a href=\"https:\/\/www.fremdiswalde.com\/?page_id=5429\">Ansehen<\/a><\/p>\n<\/div>\n<\/div>\n","protected":false},"excerpt":{"rendered":"<p>Seit dem Jahr 2002 wurden das letzte Mal St\u00f6rche in Fremdiswalde sesshaft. Das wollten wir\u00a0 \u00e4ndern und fingen\u00a0im Jahr 2023 an wieder St\u00f6rche nach Fremdiswalde&hellip;<\/p>\n","protected":false},"author":3,"featured_media":0,"parent":0,"menu_order":17,"comment_status":"closed","ping_status":"closed","template":"","meta":{"two_page_speed":[],"footnotes":""},"class_list":["post-5425","page","type-page","status-publish","hentry"],"publishpress_future_action":{"enabled":false,"date":"2026-04-26 15:54:43","action":"change-status","newStatus":"draft","terms":[],"taxonomy":"","extraData":[]},"publishpress_future_workflow_manual_trigger":{"enabledWorkflows":[]},"_links":{"self":[{"href":"https:\/\/www.fremdiswalde.com\/index.php?rest_route=\/wp\/v2\/pages\/5425","targetHints":{"allow":["GET"]}}],"collection":[{"href":"https:\/\/www.fremdiswalde.com\/index.php?rest_route=\/wp\/v2\/pages"}],"about":[{"href":"https:\/\/www.fremdiswalde.com\/index.php?rest_route=\/wp\/v2\/types\/page"}],"author":[{"embeddable":true,"href":"https:\/\/www.fremdiswalde.com\/index.php?rest_route=\/wp\/v2\/users\/3"}],"replies":[{"embeddable":true,"href":"https:\/\/www.fremdiswalde.com\/index.php?rest_route=%2Fwp%2Fv2%2Fcomments&post=5425"}],"version-history":[{"count":3,"href":"https:\/\/www.fremdiswalde.com\/index.php?rest_route=\/wp\/v2\/pages\/5425\/revisions"}],"predecessor-version":[{"id":5605,"href":"https:\/\/www.fremdiswalde.com\/index.php?rest_route=\/wp\/v2\/pages\/5425\/revisions\/5605"}],"wp:attachment":[{"href":"https:\/\/www.fremdiswalde.com\/index.php?rest_route=%2Fwp%2Fv2%2Fmedia&parent=5425"}],"curies":[{"name":"wp","href":"https:\/\/api.w.org\/{rel}","templated":true}]}}