{"id":2218,"date":"2016-09-12T07:06:32","date_gmt":"2016-09-12T06:06:32","guid":{"rendered":"http:\/\/www.fremdiswalde.com\/?page_id=2218"},"modified":"2025-09-07T16:51:30","modified_gmt":"2025-09-07T14:51:30","slug":"fussball","status":"publish","type":"page","link":"https:\/\/www.fremdiswalde.com\/?page_id=2218","title":{"rendered":"Fu\u00dfball"},"content":{"rendered":"<h4>Hier findet ihr die Bilder der letzten Fremdiswalder Fu\u00dfballturniere:<\/h4>\n<div class=\"galerie-grid\">\n<div class=\"galerie-card\"><a href=\"https:\/\/www.fremdiswalde.com\/?page_id=2220\"><br \/>\n<img decoding=\"async\" src=\"https:\/\/www.fremdiswalde.com\/wp-content\/uploads\/photo-gallery\/Fussball\/Maiks%20Bilder\/2016-09-11%20092016%20009.JPG\" alt=\"2. Fu\u00dfballturnier\" \/><br \/>\n<\/a><\/p>\n<h3>2. Fu\u00dfballturnier<\/h3>\n<p><a href=\"https:\/\/www.fremdiswalde.com\/?page_id=2220\">Ansehen<\/a><\/p>\n<\/div>\n<div class=\"galerie-card\"><a href=\"https:\/\/www.fremdiswalde.com\/?page_id=2579\"><br \/>\n<img decoding=\"async\" src=\"https:\/\/www.fremdiswalde.com\/wp-content\/uploads\/photo-gallery\/Fussball\/3._Turnier\/Fussball17_19.JPG\" alt=\"3. Fu\u00dfballturnier\" \/><br \/>\n<\/a><\/p>\n<h3>3. Fu\u00dfballturnier<\/h3>\n<p><a href=\"https:\/\/www.fremdiswalde.com\/?page_id=2579\">Ansehen<\/a><\/p>\n<\/div>\n<div class=\"galerie-card\"><a href=\"https:\/\/www.fremdiswalde.com\/?page_id=3291\"><br \/>\n<img decoding=\"async\" src=\"https:\/\/www.fremdiswalde.com\/wp-content\/uploads\/2019\/02\/DSC09704-1024x575.jpg\" alt=\"4. Fu\u00dfballturnier\" \/><br \/>\n<\/a><\/p>\n<h3>10. Fu\u00dfballturnier<\/h3>\n<p><a href=\"https:\/\/www.fremdiswalde.com\/?page_id=3291\">Ansehen<\/a>\n<\/div>\n<div class=\"galerie-card\"><a href=\"https:\/\/www.fremdiswalde.com\/?page_id=5682\"><br \/>\n<img decoding=\"async\" src=\"https:\/\/www.fremdiswalde.com\/wp-content\/uploads\/photo-gallery\/Fusssballturnier_2025\/S742939.jpg?bwg=1757251938\" alt=\"4. Fu\u00dfballturnier\" \/><br \/>\n<\/a><\/p>\n<h3>10. Fu\u00dfballturnier<\/h3>\n<p><a href=\"https:\/\/www.fremdiswalde.com\/?page_id=5682\">Ansehen<\/a>\n<\/div>\n<\/div>\n","protected":false},"excerpt":{"rendered":"<p>Hier findet ihr die Bilder der letzten Fremdiswalder Fu\u00dfballturniere: 2. Fu\u00dfballturnier Ansehen 3. Fu\u00dfballturnier Ansehen 10. Fu\u00dfballturnier Ansehen 10. Fu\u00dfballturnier Ansehen<\/p>\n","protected":false},"author":1,"featured_media":0,"parent":159,"menu_order":80,"comment_status":"closed","ping_status":"closed","template":"","meta":{"two_page_speed":[],"footnotes":""},"class_list":["post-2218","page","type-page","status-publish","hentry"],"publishpress_future_action":{"enabled":false,"date":"2026-04-29 15:41:18","action":"change-status","newStatus":"draft","terms":[],"taxonomy":"","extraData":[]},"publishpress_future_workflow_manual_trigger":{"enabledWorkflows":[]},"_links":{"self":[{"href":"https:\/\/www.fremdiswalde.com\/index.php?rest_route=\/wp\/v2\/pages\/2218","targetHints":{"allow":["GET"]}}],"collection":[{"href":"https:\/\/www.fremdiswalde.com\/index.php?rest_route=\/wp\/v2\/pages"}],"about":[{"href":"https:\/\/www.fremdiswalde.com\/index.php?rest_route=\/wp\/v2\/types\/page"}],"author":[{"embeddable":true,"href":"https:\/\/www.fremdiswalde.com\/index.php?rest_route=\/wp\/v2\/users\/1"}],"replies":[{"embeddable":true,"href":"https:\/\/www.fremdiswalde.com\/index.php?rest_route=%2Fwp%2Fv2%2Fcomments&post=2218"}],"version-history":[{"count":3,"href":"https:\/\/www.fremdiswalde.com\/index.php?rest_route=\/wp\/v2\/pages\/2218\/revisions"}],"predecessor-version":[{"id":5687,"href":"https:\/\/www.fremdiswalde.com\/index.php?rest_route=\/wp\/v2\/pages\/2218\/revisions\/5687"}],"up":[{"embeddable":true,"href":"https:\/\/www.fremdiswalde.com\/index.php?rest_route=\/wp\/v2\/pages\/159"}],"wp:attachment":[{"href":"https:\/\/www.fremdiswalde.com\/index.php?rest_route=%2Fwp%2Fv2%2Fmedia&parent=2218"}],"curies":[{"name":"wp","href":"https:\/\/api.w.org\/{rel}","templated":true}]}}